 the thousands digit of n?
0
Suppose -36*s + 529202 = -790. What is the tens digit of s?
2
Let v(n) = 5*n**2 - 16*n. Let p be (-693)/36 - (-1)/4. Let q = p + 24. What is the units digit of v(q)?
5
Suppose z + 5*k - 2*k = 179, 0 = 4*k + 20. Let p = 532 - z. What is the hundreds digit of p?
3
What is the ten thousands digit of -2 - ((-9014694)/260 + 2/(-20) + 8)?
3
Suppose -7*f + 848 = f. Suppose f*r + 3 = 109*r. What is the units digit of r*597*(-12)/(-36) + 3?
2
Let g = 2787 - -18340. What is the thousands digit of g?
1
What is the ten thousands digit of 2751/(-262)*40400/(-28)?
1
Suppose -7598 = -4*t - 3*s, -5*t + 2081 + 7405 = -2*s. Let z = t - 1321. Suppose -4*i + y = -z, -2*y + 89 = -i + 242. What is the hundreds digit of i?
1
What is the hundreds digit of ((-456)/14)/(86/(-5418))?
0
Suppose 13811 - 3827 = 16*u. What is the units digit of (-1 + 23)/((-6)/u*-8)?
6
Let g(z) = 384*z**2 - 94*z + 5. Let i be g(4). Suppose 0 = -3*y + 5*o + 3475, -3*y = 2*y + o - i. What is the units digit of y?
5
Let r(j) = -68*j - 1. Let o be r(-8). Let t = -99 + o. What is the tens digit of t?
4
Let n = -17326 + 41129. What is the units digit of n?
3
Suppose 5*n = -t + 15754, 4*n + 12605 = 8*n - t. What is the hundreds digit of n?
1
Suppose 2*x = 5*l + 10704 - 69, 12 = 4*l. What is the thousands digit of x?
5
Let z(p) = p**3 - 7*p**2 + 2*p + 5. Let j be z(5). Let w = 33 + j. Let o(v) = -9*v**3 - 3*v**2 - 2*v. What is the tens digit of o(w)?
6
Let d(a) = 5*a**2 + 9*a - 35. Let w be d(18). Suppose -957 = -8*b + w. What is the units digit of b?
8
Let u(f) = -8*f + 6. Suppose 0*c + 5*c = 5*k, 2*c = k. Let g be u(k). What is the tens digit of 427/21 - (-4)/g?
2
Suppose 39*b = 41*b + 422. Let j = b - -398. What is the tens digit of j?
8
Suppose 0 = -3*i - 3*g - 3, 3*g - 3 + 4 = -4*i. Suppose 0 = -i*x - z - 13, -2*x - x + 2*z - 16 = 0. What is the units digit of (4/x)/(25/(-4350))?
6
What is the hundreds digit of (-2134485)/(-378) - 3/(-14)?
6
Suppose -4*m + 6 - 2 = 2*o, 2*m = 2*o - 4. Suppose 5*a = 5*j - 1245, -j - 10*a + 12*a + 252 = m. What is the hundreds digit of j?
2
Let n(i) = -211*i**3 - 11*i**2 - 8*i + 2. What is the ten thousands digit of n(-4)?
1
Suppose -2*h - 15 + 19 = 0. Suppose 4*s = -2*y + 10, -h*s = 2*y - 3 - 5. Suppose 5*z - y*b - 2*b = 525, -b + 95 = z. What is the hundreds digit of z?
1
Let i = 945 + -2286. Let z = i - -2947. What is the hundreds digit of z?
6
Let r(x) = 7*x**2 - 16*x - 48. Let j = -223 + 216. What is the hundreds digit of r(j)?
4
Let l(q) = -83*q + 40 + 43*q - 142. What is the tens digit of l(-6)?
3
Let h = -13708 - -22969. What is the tens digit of h?
6
Suppose -11*p = -129 - 135. Suppose -p*t = -5*t - 7429. What is the hundreds digit of t?
3
Let d(w) = -w - 8. Let j = 77 - 89. Let m be d(j). Suppose m*b - 372 = -28. What is the units digit of b?
6
Let s(p) = -26*p - 15. Let r be 3*70/(-15) + 1. Let q be s(r). Let g = -196 + q. What is the units digit of g?
7
Suppose 57 - 57 = -12*j. Suppose 0 = w + 5*f - 1160 - 474, j = 5*f - 25. What is the units digit of w?
9
Let i(u) = -17*u + 12. Let n(h) = -2*h**2 + 20*h - 15. Let c be n(13). Let l be (-4)/7 - c/(-21). What is the units digit of i(l)?
7
Suppose 0 = 4*x - 2*z - 0*z - 2366, 0 = 4*x + 4*z - 2336. Suppose 2*w = -3*j + 55 - x, 5*w + 1381 = 4*j. Let o = 486 + w. What is the units digit of o?
3
Suppose -53*j + 134117 = -173336. What is the units digit of j?
1
Let z(j) = 265*j**3 - 5*j**2 - 81*j + 295. What is the thousands digit of z(4)?
6
Let o(g) = 3*g**3 + 11*g**2 - 3*g + 11. Let n be o(6). What is the units digit of n/7 - 6/42?
8
Let l(h) = -h**3 - 22*h**2 + 19*h - 33. Let r = 40 + -37. Suppose -4*z + 47 + 18 = -r*w, 4*z = 5*w + 111. What is the units digit of l(w)?
9
Let q be 4 + (126/10 - (-6)/15). Suppose -19*i = -q*i - 4. Suppose 7*w - 5*w - 174 = 3*x, -i*w + 188 = 4*x. What is the units digit of w?
0
Let s(w) = 3701*w - 2123. What is the thousands digit of s(6)?
0
Suppose -398 = 3*g + 1504. Let u = 1019 + g. What is the hundreds digit of u?
3
Let r = -19057 + 20814. What is the tens digit of r?
5
Suppose -3*v = -z - 13, -2*v = -7*v - z + 19. Let c(p) = 10*p**2 + 2*p + 9. Let t be c(v). Suppose 15*f = 14*f + t. What is the units digit of f?
7
Suppose 2*k - 11917 = 3*q, -4*k + 22*q = 25*q - 23843. What is the units digit of k?
0
Let c(b) be the first derivative of 5*b**2 + 17 + 4*b**3 + 1/4*b**4 - 8*b. What is the units digit of c(-6)?
8
Let a be 1/(4/9 - (-11)/(-99)). Suppose 3*q + 1992 = -q. What is the units digit of q/(-15) + a/(-15)?
3
Suppose -4*w + 26 = -5*c, 5*c + 2 = -5*w + 3*w. What is the hundreds digit of 354/(2*(1 - w/8))?
3
Suppose 1985091 = 222*u - 20*u - 2159747. What is the tens digit of u?
1
Suppose 116*v - 210329 - 673359 = 0. What is the hundreds digit of v?
6
Let m(s) = 7004*s**3 + 4*s**2 - 8*s + 6. What is the tens digit of m(1)?
0
Suppose x - 4*b + 232 = 0, -b = -5*x + 4*x - 226. Let y = 333 - x. What is the units digit of y?
7
Suppose m + 0*j - j = 6, 2*m - 12 = 3*j. Let f(l) = 9*l + 4*l - 11*l - 12 + m*l. What is the tens digit of f(22)?
6
Suppose -4*p + o = -53 + 10, p - 10 = o. Suppose 0 = 14*u - p*u + 102. Let n = 119 + u. What is the tens digit of n?
8
Let u = -3 + 8. Let k(a) = 15*a**2 + a - 4. Let o(g) = 42*g**2 + g - 7. Let d(z) = -8*k(z) + 3*o(z). What is the tens digit of d(u)?
3
Let y = -39113 - -71882. What is the hundreds digit of y?
7
Let y(s) = 2*s**2 + 3*s + 13. Let k be y(23). Suppose -k = -5*p + 695. What is the tens digit of p?
6
Suppose -25554 + 1374 = -155*c. What is the units digit of c?
6
Let g(q) = 109*q + 5. Suppose 2*h = -i + 1, -h + 3 = 2*i - 2. What is the tens digit of g(i)?
3
Let z be (1 + -3)*(-75)/10. Let o = 725 - 701. Let a = o + z. What is the tens digit of a?
3
Suppose 4*g + 6*a - 120 = a, -g = -2*a - 30. Let d be ((-1700)/(-255))/(50/15). Suppose -76 - g = -d*o. What is the units digit of o?
3
Let i be ((-16)/(-2))/(5/1420). Let t = -1292 + i. What is the units digit of t?
0
Let o = 169 + -81. Suppose -w = 3*w + o. What is the units digit of (105/28)/(1/(2 - w))?
0
Suppose 4*a = -m + 11582, 84*m - 2*a + 34746 = 87*m. What is the units digit of m?
2
What is the hundreds digit of 141 + -133 - (-5862)/2?
9
Suppose 5*r - 60061 = -33*r + 11873. What is the tens digit of r?
9
Let l = 33572 - -3228. What is the tens digit of l?
0
Let o = 666 + 5220. Suppose -9*f + o = -2286. What is the hundreds digit of f?
9
Suppose -15*f + 5*f = 1820. Let i = 1113 + f. What is the hundreds digit of i?
9
What is the units digit of ((-1480768)/(-51) - 23) + 10/(-6) - -7?
7
Suppose 3*m - 4*l = 417, 4*m - 10*l - 555 = -5*l. Suppose -170 + m = -b. What is the tens digit of b?
3
Let o(i) = -i**2 - 17*i + 2. Let h be o(-17). Suppose -h*c + c - 4 = 0. What is the tens digit of (-104)/(-39)*c/((-32)/318)?
0
Let a(x) = 8*x - 22. Let i be a(-19). Let j = i - -530. What is the tens digit of j?
5
Let g(x) = 15*x + 3 + 2*x**2 - 2*x**2 - 3*x**2 + 2*x**2. Let l be g(15). Suppose 71 = l*j - 124. What is the units digit of j?
5
Let w = 32451 + -8970. What is the thousands digit of w?
3
Let h = -37772 + 60566. What is the hundreds digit of h?
7
Let c = -4728 - -9501. What is the tens digit of c?
7
Let p(a) = -a**2 + 9*a - 9. Let b be p(7). Suppose 3*k = 2*d + 2*k - 1, -b*k = 3*d + 5. Suppose -8*w - 8*w + 2832 = d. What is the units digit of w?
7
Suppose 0 = -4*g - 4*t + 152240, -4*g + 2*t = -0*g - 152276. What is the hundreds digit of g?
0
Suppose 0 = 2*t + 2*n - 76, 5*t = t + 4*n + 192. Suppose -t = -3*m - f, -2*f = 4*m + f - 54. Let h(y) = y**2 - 7*y - 14. What is the units digit of h(m)?
6
Let i = 398 - -519. What is the hundreds digit of i?
9
Suppose 4*a + 5*d = 4*d + 5276, 2*a - 2616 = 5*d. Suppose -t + 1 = 0, 7*i - 12*i + 2*t + a = 0. What is the units digit of i?
4
Suppose -3*r = 502 - 2923. Suppose -5*a = -13*s + 12*s - r, -5*s = a - 177. What is the units digit of a?
2
Let j be (-2)/7 + 185/35. Suppose -2*c = 4*d - 26, -5*c + 4*d = -0*c + j. Suppose c*i - 167 = 4*s, -5*i - 2*s + 242 = 7. What is the units digit of i?
9
Suppose -j + 2 + 0 = 0, -3*j = -3*v - 15. Let a(u) = 142*u**2 + 29*u. What is the tens digit of a(v)?
9
Suppose -z = v + 4*v + 3, 0 = 4*v + 8. What is the hundreds digit of 1215 - ((-12)/(-7))/((-2)/z)?
2
Suppose -462*z = -4